er?
True
Is 138300313 prime?
False
Is 81664321 a prime number?
True
Is 7651367 a composite number?
True
Is 5691449 a prime number?
False
Is 24839311 a composite number?
True
Is 3888593 composite?
False
Is 37566517 composite?
False
Is 2247083 a prime number?
True
Is 98387099 prime?
True
Is 11165951 a composite number?
False
Is 22471951 a prime number?
True
Is 4242109 composite?
False
Is 1862143 prime?
False
Is 184180099 a prime number?
False
Is 3485957 a prime number?
True
Is 106824563 composite?
False
Is 7336669 composite?
True
Is 9018649 prime?
False
Is 8213141 composite?
True
Is 81273463 a prime number?
True
Is 8979769 prime?
False
Is 4047737 a composite number?
False
Is 4643494 a prime number?
False
Is 20884327 composite?
False
Is 110119 a composite number?
False
Is 448990363 prime?
True
Is 1980169 prime?
True
Is 197126723 composite?
True
Is 8955919 a prime number?
False
Is 20018567 composite?
False
Is 5412319 a composite number?
True
Is 189232166 composite?
True
Is 31658761 a composite number?
True
Is 1163299 a composite number?
True
Is 62125439 composite?
False
Is 129171019 composite?
True
Is 3642179 composite?
True
Is 35897123 a composite number?
False
Is 254879943 a composite number?
True
Is 100267 a prime number?
True
Is 25039347 a prime number?
False
Is 6057343 a composite number?
False
Is 111661 composite?
True
Is 11384413 composite?
True
Is 2986837 a composite number?
True
Is 1349177 a composite number?
False
Is 117602987 a composite number?
False
Is 221047499 composite?
True
Is 4454687 prime?
True
Is 415966547 composite?
False
Is 41247571 a composite number?
False
Is 10679119 prime?
False
Is 1249187 a prime number?
True
Is 6954299 a composite number?
True
Is 51701501 prime?
True
Is 28747021 composite?
False
Is 23904017 prime?
False
Is 3539051 composite?
False
Is 36131789 a prime number?
True
Is 51831277 composite?
False
Is 1704061309 composite?
True
Is 17634047 prime?
True
Is 141619931 a prime number?
False
Is 2051711 a prime number?
False
Is 689003 a composite number?
True
Is 405778 a prime number?
False
Is 395911787 composite?
False
Is 5773861 prime?
True
Is 2783749 composite?
False
Is 10105709 a composite number?
False
Is 306263 composite?
False
Is 14424233 prime?
True
Is 3237211 prime?
True
Is 84109097 a composite number?
True
Is 1067593 a composite number?
False
Is 15370829 a prime number?
False
Is 35525771 prime?
True
Is 172561 composite?
False
Is 5497643 a prime number?
True
Is 14086093 prime?
False
Is 10501859 prime?
True
Is 62813519 a composite number?
False
Is 22013681 a prime number?
True
Is 463993 prime?
True
Is 23824417 a prime number?
True
Is 91600723 prime?
False
Is 2532067 prime?
True
Is 30984941 composite?
True
Is 65761 a composite number?
False
Is 26428033 prime?
False
Is 5262077 composite?
False
Is 7045589 a composite number?
False
Is 18300941 a composite number?
True
Is 48196067 a composite number?
True
Is 131576251 a composite number?
False
Is 28821701 composite?
False
Is 7449683 a composite number?
False
Is 8405437 composite?
True
Is 1832529 prime?
False
Is 6322685 composite?
True
Is 532538029 a prime number?
False
Is 1565510935 a composite number?
True
Is 142832467 prime?
True
Is 26640589 a prime number?
False
Is 198220829 a composite number?
True
Is 29662181 composite?
False
Is 102185137 a composite number?
False
Is 69740081 composite?
False
Is 16242437 a prime number?
False
Is 339373 prime?
True
Is 158969059 a composite number?
True
Is 61211 a prime number?
True
Is 149112757 a prime number?
True
Is 47008153 a prime number?
True
Is 2516587 a composite number?
True
Is 94936187 a prime number?
True
Is 13667671 a prime number?
False
Is 357060293 a composite number?
True
Is 22645235 a prime number?
False
Is 534195905 prime?
False
Is 651283 composite?
True
Is 32442719 a composite number?
True
Is 1161817973 composite?
True
Is 3332957 composite?
False
Is 18706541 prime?
False
Is 17180981 a prime number?
False
Is 235723 composite?
False
Is 19704743 composite?
False
Is 19261277 a prime number?
False
Is 527099 a composite number?
False
Is 39243671 composite?
False
Is 111670777 composite?
True
Is 26556997 a prime number?
False
Is 15489767 composite?
True
Is 13401989 a prime number?
True
Is 983069 a composite number?
False
Is 6271186 a composite number?
True
Is 1397407 composite?
True
Is 669469 a prime number?
False
Is 753634841 prime?
True
Is 24093967 composite?
False
Is 24908573 composite?
False
Is 1741319 composite?
False
Is 3136513 prime?
True
Is 14631437 a prime number?
True
Is 444765739 prime?
False
Is 11494381 prime?
True
Is 15933695 a prime number?
False
Is 5913779 prime?
False
Is 28164503 composite?
False
Is 29867687 a prime number?
True
Is 20335097 prime?
True
Is 3506719 a composite number?
False
Is 40828847 prime?
False
Is 31305611 a prime number?
True
Is 1863863 composite?
True
Is 113369317 prime?
True
Is 3079649 composite?
False
Is 18210559 prime?
True
Is 248182433 prime?
False
Is 1338037 a composite number?
True
Is 9970341 composite?
True
Is 5989241 prime?
True
Is 12744701 a composite number?
False
Is 326624721 composite?
True
Is 29513305 a composite number?
True
Is 5680427 prime?
False
Is 137738015 a prime number?
False
Is 27781541 prime?
False
Is 24127 prime?
False
Is 31363 prime?
False
Is 290579 a prime number?
False
Is 11927143 composite?
True
Is 449067 a composite number?
True
Is 7496449 a composite number?
False
Is 52918907 prime?
True
Is 45237737 prime?
True
Is 29033473 composite?
True
Is 74302997 prime?
True
Is 69030881 prime?
False
Is 184530517 composite?
True
Is 7991561 prime?
False
Is 3469519 prime?
True
Is 7568531 prime?
True
Is 166458209 composite?
True
Is 4600969 a prime number?
False
Is 927385 a composite number?
True
Is 251605 prime?
False
Is 602120747 a composite number?
True
Is 503939 a composite number?
False
Is 131681015 a prime number?
False
Is 12037 a composite number?
False
Is 21203121 a composite number?
True
Is 185248717 a composite number?
False
Is 53832881 prime?
True
Is 5037647 a composite number?
False
Is 5813435 a prime number?
False
Is 9803597 composite?
False
Is 2102519 prime?
True
Is 413628519 prime?
False
Is 49236127 a composite number?
False
Is 45288197 a composite number?
False
Is 6063521 prime?
False
Is 6008879 a composite number?
True
Is 7333649 a prime number?
False
Is 54107309 prime?
False
Is 114499087 prime?
True
Is 1383739 a composite number?
True
Is 66306701 composite?
True
Is 8666477 a composite number?
False
Is 33165961 a composite number?
False
Is 77182762 composite?
True
Is 494132459 composite?
True
Is 93664841 composite?
False
Is 296165 prime?
False
Is 23783063 composite?
True
Is 28911263 composite?
False
Is 11609563 a composite number?
True
Is 14112479 composite?
True
Is 37694123 composite?
False
Is 3142 composite?
True
Is 32864269 a prime number?
True
Is 355031123 prime?
True
Is 2811503 prime?
True
Is 19910909 prime?
False
Is 49876054 a prime number?
False
Is 92431 prime?
True
Is 7380005 a composite number?
True
Is 2363483 prime?
False
Is 900499 a prime number?
False
Is 9449641 prime?
True
Is 649133 composite?
True
Is 7081589 a composite number?
False
Is 238859 prime?
True
Is 1769057 a composite number?
True
Is 81247273 prime?
True
Is 46701643 prime?
True
Is 244112783 composite?
True
Is 98993 composite?
False
Is 918811 prime?
False
Is 2902843 a composite number?
True
Is 22542745 prime?
False
Is 1267823 composite?
False
Is 121256413 prime?
False
Is 229634477 prime?
False
Is 41925263 a prime number?
True
Is 549959 a prime number?
False
Is 276066289 a prime number?
True
Is 20147474 prime?
False
Is 1960589201 prime?
True
Is 39666271 composite?
True
Is 944591 prime?
True
Is 3133001 a prime number?
False
Is 51993677 a composite number?
False
Is 43145009 composite?
False
Is 38064787 prime?
True
Is 49219237 composite?
False
Is 168257689 composite?
True
Is 21876629 a prime number?
False
Is 4097245 prime?
False
Is 110507921 a prime number?
False
Is 1147117 a composite number?
False
Is 16782763 a composite number?
True
Is 167398589 prime?
True
Is 105850231 a composite number?
False
Is 156121 composite?
True
Is 1543577 prime?
False
Is 1786079 composite?
False
Is 716231 prime?
False
Is 58699669 composite?
True
Is 8316061 composite?
True
Is 1829629 prime?
True
Is 24